{"id":96,"date":"2024-06-06T19:28:40","date_gmt":"2024-06-06T19:28:40","guid":{"rendered":"http:\/\/152.89.106.37\/wordpress\/?page_id=96"},"modified":"2024-06-16T20:44:21","modified_gmt":"2024-06-16T20:44:21","slug":"reitangebot","status":"publish","type":"page","link":"https:\/\/www.horse-hurghada.de\/index.php\/reitangebot\/","title":{"rendered":""},"content":{"rendered":"\n<div class=\"wp-block-group has-text-color has-link-color wp-elements-4e058e52bdfc7f31cdd0ec346979ca32 is-layout-constrained wp-container-core-group-is-layout-e30c6ed9 wp-block-group-is-layout-constrained\" style=\"color:#090b10;margin-top:0;margin-bottom:0;padding-top:var(--wp--preset--spacing--80);padding-right:var(--wp--preset--spacing--40);padding-bottom:var(--wp--preset--spacing--80);padding-left:var(--wp--preset--spacing--40);font-size:16px\">\n<div class=\"wp-block-columns are-vertically-aligned-center is-layout-flex wp-container-core-columns-is-layout-2948cf2f wp-block-columns-is-layout-flex\" style=\"padding-top:0;padding-right:0;padding-bottom:0;padding-left:0\">\n<div class=\"wp-block-column is-vertically-aligned-center fotawp-flip-up is-layout-flow wp-block-column-is-layout-flow\" style=\"flex-basis:45%\">\n<figure class=\"wp-block-image size-large is-resized\"><img decoding=\"async\" src=\"https:\/\/www.horse-hurghada.de\/wp-content\/uploads\/2024\/06\/DSC_0164.jpg\" alt=\"\" style=\"aspect-ratio:4\/3;object-fit:cover;width:504px;height:auto\"\/><\/figure>\n<\/div>\n\n\n\n<div class=\"wp-block-column is-vertically-aligned-center is-layout-flow wp-block-column-is-layout-flow\" style=\"padding-top:0px;padding-right:0px;padding-bottom:0px;padding-left:0px;flex-basis:55%\">\n<div class=\"wp-block-group is-nowrap is-layout-flex wp-container-core-group-is-layout-6c531013 wp-block-group-is-layout-flex\">\n<div class=\"wp-block-group has-accent-lite-background-color has-background is-layout-constrained wp-container-core-group-is-layout-9d62f0e3 wp-block-group-is-layout-constrained\" style=\"border-radius:5px;padding-top:5px;padding-right:16px;padding-bottom:5px;padding-left:16px\">\n<h5 class=\"wp-block-heading has-primary-color has-text-color has-link-color has-small-font-size wp-elements-3d59e5c7c5d0e5b2d184211927b155c2\">Reitangebot<\/h5>\n<\/div>\n<\/div>\n\n\n\n<div class=\"wp-block-group is-vertical is-layout-flex wp-container-core-group-is-layout-c24acdbf wp-block-group-is-layout-flex\" style=\"margin-top:10px;margin-bottom:0\">\n<p><\/p>\n<\/div>\n\n\n\n<p>Der respektvolle Umgang mit unseren Pferden ist uns ein wichtiges Anliegen. Wir legen gro\u00dfen Wert darauf, dass sie gut versorgt, liebevoll behandelt und respektvoll trainiert werden. Unsere geschulten Betreuer k\u00fcmmern sich f\u00fcrsorglich um ihre Bed\u00fcrfnisse und sorgen daf\u00fcr, dass jedes Pferd bei uns bestm\u00f6glich versorgt wird.<\/p>\n\n\n\n<p>Bei uns gibt es keinen Massentourismus. Jedes Reiterlebnis ist privat und einzigartig, ma\u00dfgeschneidert f\u00fcr ein unvergessliches Abenteuer, das ganz auf Ihre W\u00fcnsche und Bed\u00fcrfnisse abgestimmt ist. Genie\u00dfen Sie exklusive Momente und entdecken Sie die Sch\u00f6nheit von Hurghada fernab der Massen.<\/p>\n\n\n\n<div class=\"wp-block-buttons fotawp-slide-up is-content-justification-left is-layout-flex wp-container-core-buttons-is-layout-57b328a6 wp-block-buttons-is-layout-flex\" style=\"margin-top:42px;margin-bottom:0\">\n<div class=\"wp-block-button is-style-button-hover-secondary-bgcolor\"><a class=\"wp-block-button__link has-foregound-alt-color has-primary-background-color has-text-color has-background has-link-color wp-element-button\" href=\"https:\/\/horse-hurghada.de\/index.php\/kontakformular\/\" style=\"border-style:none;border-width:0px;border-radius:0px;padding-top:12px;padding-right:40px;padding-bottom:12px;padding-left:40px\">Kontakt<\/a><\/div>\n<\/div>\n<\/div>\n<\/div>\n<\/div>\n\n\n\n<p><\/p>\n","protected":false},"excerpt":{"rendered":"<p>Reitangebot Der respektvolle Umgang mit unseren Pferden ist uns ein wichtiges Anliegen. Wir legen gro\u00dfen Wert darauf, dass sie gut versorgt, liebevoll behandelt und respektvoll trainiert werden. Unsere geschulten&#8230;<\/p>\n","protected":false},"author":1,"featured_media":0,"parent":0,"menu_order":0,"comment_status":"closed","ping_status":"closed","template":"","meta":{"om_disable_all_campaigns":false,"_monsterinsights_skip_tracking":false,"_monsterinsights_sitenote_active":false,"_monsterinsights_sitenote_note":"","_monsterinsights_sitenote_category":0,"_uf_show_specific_survey":0,"_uf_disable_surveys":false,"footnotes":""},"class_list":["post-96","page","type-page","status-publish","hentry"],"aioseo_notices":[],"_links":{"self":[{"href":"https:\/\/www.horse-hurghada.de\/index.php\/wp-json\/wp\/v2\/pages\/96","targetHints":{"allow":["GET"]}}],"collection":[{"href":"https:\/\/www.horse-hurghada.de\/index.php\/wp-json\/wp\/v2\/pages"}],"about":[{"href":"https:\/\/www.horse-hurghada.de\/index.php\/wp-json\/wp\/v2\/types\/page"}],"author":[{"embeddable":true,"href":"https:\/\/www.horse-hurghada.de\/index.php\/wp-json\/wp\/v2\/users\/1"}],"replies":[{"embeddable":true,"href":"https:\/\/www.horse-hurghada.de\/index.php\/wp-json\/wp\/v2\/comments?post=96"}],"version-history":[{"count":5,"href":"https:\/\/www.horse-hurghada.de\/index.php\/wp-json\/wp\/v2\/pages\/96\/revisions"}],"predecessor-version":[{"id":317,"href":"https:\/\/www.horse-hurghada.de\/index.php\/wp-json\/wp\/v2\/pages\/96\/revisions\/317"}],"wp:attachment":[{"href":"https:\/\/www.horse-hurghada.de\/index.php\/wp-json\/wp\/v2\/media?parent=96"}],"curies":[{"name":"wp","href":"https:\/\/api.w.org\/{rel}","templated":true}]}}