{"id":115,"date":"2024-06-06T19:42:15","date_gmt":"2024-06-06T19:42:15","guid":{"rendered":"http:\/\/152.89.106.37\/wordpress\/?page_id=115"},"modified":"2024-06-16T20:46:27","modified_gmt":"2024-06-16T20:46:27","slug":"individuelle-wuensche","status":"publish","type":"page","link":"https:\/\/www.horse-hurghada.de\/index.php\/individuelle-wuensche\/","title":{"rendered":""},"content":{"rendered":"\n<p><\/p>\n\n\n\n<div class=\"wp-block-columns are-vertically-aligned-center is-layout-flex wp-container-core-columns-is-layout-2948cf2f wp-block-columns-is-layout-flex\" style=\"padding-top:0;padding-right:0;padding-bottom:0;padding-left:0\">\n<div class=\"wp-block-column is-vertically-aligned-center fotawp-flip-up is-layout-flow wp-block-column-is-layout-flow\" style=\"flex-basis:45%\">\n<figure class=\"wp-block-image size-large\"><img decoding=\"async\" src=\"https:\/\/www.horse-hurghada.de\/wp-content\/uploads\/2024\/06\/IMG-20240612-WA0009.jpg\" alt=\"\" style=\"aspect-ratio:4\/3;object-fit:cover\"\/><\/figure>\n<\/div>\n\n\n\n<div class=\"wp-block-column is-vertically-aligned-center is-layout-flow wp-block-column-is-layout-flow\" style=\"padding-top:0px;padding-right:0px;padding-bottom:0px;padding-left:0px;flex-basis:55%\">\n<div class=\"wp-block-group is-nowrap is-layout-flex wp-container-core-group-is-layout-6c531013 wp-block-group-is-layout-flex\">\n<div class=\"wp-block-group has-accent-lite-background-color has-background is-layout-constrained wp-container-core-group-is-layout-9d62f0e3 wp-block-group-is-layout-constrained\" style=\"border-radius:5px;padding-top:5px;padding-right:16px;padding-bottom:5px;padding-left:16px\">\n<h5 class=\"wp-block-heading has-primary-color has-text-color has-link-color has-small-font-size wp-elements-53d79df262cd13b78b5bb93da32fb7fe\">Individuelle W\u00fcnsche<\/h5>\n<\/div>\n<\/div>\n\n\n\n<div class=\"wp-block-group is-vertical is-layout-flex wp-container-core-group-is-layout-c24acdbf wp-block-group-is-layout-flex\" style=\"margin-top:10px;margin-bottom:0\">\n<h1 class=\"wp-block-heading has-xx-large-font-size\" style=\"line-height:1.3\">Entdecken Sie den<\/h1>\n\n\n\n<h1 class=\"wp-block-heading has-primary-color has-text-color has-link-color has-xx-large-font-size wp-elements-d599c3c4c81a8bef9d45364f9d97fa18\" style=\"line-height:1.3\">Horse &amp; Animal Park Hurghada!<\/h1>\n<\/div>\n\n\n\n<p><\/p>\n\n\n\n<h6 class=\"wp-block-heading\">Feiern Sie besondere Anl\u00e4sse oder gestalten Sie Ihr Reiterlebnis ganz nach Ihren individuellen W\u00fcnschen! M\u00f6chten Sie Ihren Geburtstag mit unseren Tieren feiern? Oder haben Sie spezielle Vorstellungen f\u00fcr Ihr Reitabenteuer?<br>Kein Problem! Wir bieten ma\u00dfgeschneiderte Erlebnisse, bei denen Ihre Bed\u00fcrfnisse im Mittelpunkt stehen. Teilen Sie uns einfach Ihre W\u00fcnsche mit, und wir werden alles daran setzen, sie zu erf\u00fcllen.<br>Kontaktieren Sie uns jetzt, um Ihre speziellen Anfragen zu besprechen, und freuen Sie sich auf unvergessliche Momente im Horse &amp; Animal Park Hurghada!<\/h6>\n\n\n\n<div class=\"wp-block-buttons fotawp-slide-up is-content-justification-left is-layout-flex wp-container-core-buttons-is-layout-57b328a6 wp-block-buttons-is-layout-flex\" style=\"margin-top:42px;margin-bottom:0\">\n<div class=\"wp-block-button is-style-button-hover-secondary-bgcolor\"><a class=\"wp-block-button__link has-foregound-alt-color has-primary-background-color has-text-color has-background has-link-color wp-element-button\" href=\"https:\/\/horse-hurghada.de\/index.php\/kontakformular\/\" style=\"border-style:none;border-width:0px;border-radius:0px;padding-top:12px;padding-right:40px;padding-bottom:12px;padding-left:40px\">Kontakt<\/a><\/div>\n<\/div>\n<\/div>\n<\/div>\n","protected":false},"excerpt":{"rendered":"<p>Individuelle W\u00fcnsche Entdecken Sie den Horse &amp; Animal Park Hurghada! Feiern Sie besondere Anl\u00e4sse oder gestalten Sie Ihr Reiterlebnis ganz nach Ihren individuellen W\u00fcnschen! M\u00f6chten Sie Ihren Geburtstag mit&#8230;<\/p>\n","protected":false},"author":1,"featured_media":0,"parent":0,"menu_order":0,"comment_status":"closed","ping_status":"closed","template":"","meta":{"om_disable_all_campaigns":false,"_monsterinsights_skip_tracking":false,"_monsterinsights_sitenote_active":false,"_monsterinsights_sitenote_note":"","_monsterinsights_sitenote_category":0,"_uf_show_specific_survey":0,"_uf_disable_surveys":false,"footnotes":""},"class_list":["post-115","page","type-page","status-publish","hentry"],"aioseo_notices":[],"_links":{"self":[{"href":"https:\/\/www.horse-hurghada.de\/index.php\/wp-json\/wp\/v2\/pages\/115","targetHints":{"allow":["GET"]}}],"collection":[{"href":"https:\/\/www.horse-hurghada.de\/index.php\/wp-json\/wp\/v2\/pages"}],"about":[{"href":"https:\/\/www.horse-hurghada.de\/index.php\/wp-json\/wp\/v2\/types\/page"}],"author":[{"embeddable":true,"href":"https:\/\/www.horse-hurghada.de\/index.php\/wp-json\/wp\/v2\/users\/1"}],"replies":[{"embeddable":true,"href":"https:\/\/www.horse-hurghada.de\/index.php\/wp-json\/wp\/v2\/comments?post=115"}],"version-history":[{"count":5,"href":"https:\/\/www.horse-hurghada.de\/index.php\/wp-json\/wp\/v2\/pages\/115\/revisions"}],"predecessor-version":[{"id":322,"href":"https:\/\/www.horse-hurghada.de\/index.php\/wp-json\/wp\/v2\/pages\/115\/revisions\/322"}],"wp:attachment":[{"href":"https:\/\/www.horse-hurghada.de\/index.php\/wp-json\/wp\/v2\/media?parent=115"}],"curies":[{"name":"wp","href":"https:\/\/api.w.org\/{rel}","templated":true}]}}